?
False
Is 18269 prime?
True
Is 449291 prime?
False
Is 253049 a composite number?
False
Is 624181 prime?
False
Is 21057 composite?
True
Is 99643 a composite number?
False
Is 32441 a composite number?
False
Is 1205 composite?
True
Is 3559 a prime number?
True
Is 342301 composite?
True
Is 23711 a prime number?
False
Is 3792809 prime?
True
Is 4955 a composite number?
True
Is 4063 a prime number?
False
Is 1161139 a prime number?
False
Is 40693 composite?
False
Is 1397 prime?
False
Is 18463 prime?
False
Is 7499 prime?
True
Is 35023 a composite number?
False
Is 1354 a prime number?
False
Is 65959 prime?
False
Is 10979 composite?
False
Is 139067 a prime number?
True
Is 80617 a prime number?
False
Is 637426 a composite number?
True
Is 689 composite?
True
Is 146789 a composite number?
True
Is 167361 a prime number?
False
Is 5713 composite?
True
Is 42487 a composite number?
False
Is 50047 prime?
True
Is 1234463 a composite number?
False
Is 2248703 a composite number?
False
Is 20369 a prime number?
True
Is 2959 prime?
False
Is 17203 a composite number?
False
Is 17191 a prime number?
True
Is 3831 composite?
True
Is 46931 a prime number?
False
Is 143483 composite?
False
Is 65761 prime?
True
Is 23147 a composite number?
True
Is 182159 composite?
False
Is 677983 a composite number?
False
Is 27185 composite?
True
Is 117103 a composite number?
True
Is 451317 composite?
True
Is 385991 a composite number?
False
Is 82247 prime?
False
Is 1324057 a composite number?
True
Is 46577 prime?
False
Is 62323 prime?
True
Is 163459 composite?
True
Is 162917 prime?
True
Is 34939 a prime number?
True
Is 23953 a composite number?
True
Is 1193 prime?
True
Is 624485 prime?
False
Is 853 prime?
True
Is 2099 a prime number?
True
Is 241994 composite?
True
Is 34909 a prime number?
False
Is 20521 a composite number?
False
Is 4049 composite?
False
Is 16781 composite?
True
Is 1817527 a prime number?
False
Is 14603 a prime number?
False
Is 139001 a composite number?
True
Is 73303 prime?
True
Is 298853 a prime number?
True
Is 1822411 a prime number?
True
Is 178721 a composite number?
True
Is 1477 a composite number?
True
Is 349039 a composite number?
False
Is 171403 composite?
False
Is 9131 prime?
False
Is 121831 prime?
False
Is 3293 prime?
False
Is 23957 a composite number?
False
Is 7129 a prime number?
True
Is 23447 a prime number?
True
Is 78641 composite?
True
Is 51217 a prime number?
True
Is 60521 a composite number?
False
Is 226535 a prime number?
False
Is 167459 a prime number?
False
Is 703981 composite?
False
Is 45215 composite?
True
Is 2813 a prime number?
False
Is 494873 prime?
True
Is 15727 prime?
True
Is 1431253 composite?
False
Is 1438 prime?
False
Is 87393 a prime number?
False
Is 40387 a prime number?
True
Is 376769 a prime number?
True
Is 84163 composite?
False
Is 113185 a prime number?
False
Is 58573 prime?
True
Is 100411 composite?
False
Is 7283 prime?
True
Is 2333185 prime?
False
Is 13043 prime?
True
Is 1352611 a prime number?
False
Is 13751 a prime number?
True
Is 22189 prime?
True
Is 130762 a prime number?
False
Is 979835 a composite number?
True
Is 309761 prime?
False
Is 1874 a composite number?
True
Is 427007 composite?
True
Is 25859 prime?
False
Is 797 composite?
False
Is 22993 a composite number?
False
Is 697787 composite?
False
Is 457571 composite?
False
Is 25489 composite?
True
Is 10081 a composite number?
True
Is 309977 prime?
True
Is 81727 a prime number?
True
Is 49085 prime?
False
Is 48457 a prime number?
False
Is 266757 prime?
False
Is 3377 a composite number?
True
Is 166057 composite?
True
Is 373717 prime?
True
Is 263533 composite?
False
Is 16057 prime?
True
Is 105649 composite?
False
Is 45629 prime?
False
Is 2195 a prime number?
False
Is 630433 a composite number?
False
Is 12011 a composite number?
False
Is 230011 a prime number?
False
Is 93151 a prime number?
True
Is 35671 composite?
False
Is 20701 a prime number?
False
Is 1193909 prime?
True
Is 16501 a composite number?
True
Is 9708605 prime?
False
Is 86951 a composite number?
False
Is 130173 prime?
False
Is 14581 a composite number?
True
Is 289223 composite?
True
Is 3293 prime?
False
Is 13214 prime?
False
Is 1802879 composite?
True
Is 102439 composite?
True
Is 14189 a composite number?
True
Is 3022 a composite number?
True
Is 51257 a prime number?
True
Is 25249 prime?
False
Is 2135407 a prime number?
True
Is 86453 composite?
False
Is 3761 composite?
False
Is 4667 a composite number?
True
Is 12761 a prime number?
False
Is 2179 a composite number?
False
Is 335323 prime?
True
Is 303503 composite?
True
Is 9753 a composite number?
True
Is 8457 a composite number?
True
Is 34793 a prime number?
False
Is 1315889 prime?
True
Is 14069 a prime number?
False
Is 65393 a prime number?
True
Is 48151 a composite number?
True
Is 34631 prime?
True
Is 225053 a composite number?
True
Is 13781 a prime number?
True
Is 5939 composite?
False
Is 53969 composite?
True
Is 1639 a composite number?
True
Is 140627 a composite number?
False
Is 60227 a prime number?
False
Is 15929 a composite number?
True
Is 1605151 prime?
True
Is 5633 a prime number?
False
Is 969449 a composite number?
True
Is 559 a prime number?
False
Is 483097 composite?
False
Is 1639 prime?
False
Is 71653 a prime number?
False
Is 2062 prime?
False
Is 209 a composite number?
True
Is 14479 prime?
True
Is 21621 composite?
True
Is 10 prime?
False
Is 28751 a prime number?
True
Is 139 composite?
False
Is 203861 a prime number?
False
Is 19787 a composite number?
True
Is 19003 a prime number?
False
Is 504993 a prime number?
False
Is 15563 a prime number?
False
Is 401059 composite?
True
Is 521 composite?
False
Is 121718 composite?
True
Is 303 a prime number?
False
Is 1059343 a composite number?
False
Is 76457 prime?
False
Is 32869 a prime number?
True
Is 279359 a prime number?
False
Is 14899 a composite number?
True
Is 486247 composite?
False
Is 19373 a composite number?
False
Is 102707 composite?
True
Is 3691 a composite number?
False
Is 84629 a composite number?
False
Is 4571 a prime number?
False
Is 199645 prime?
False
Is 177953 composite?
False
Is 1967 composite?
True
Is 165289 a composite number?
True
Is 51501 prime?
False
Is 8147 a prime number?
True
Is 1820119 a prime number?
False
Is 26833 composite?
False
Is 19731 a composite number?
True
Is 11801 a prime number?
True
Is 306227 prime?
False
Is 22535 prime?
False
Is 319173 a prime number?
False
Is 208433 prime?
True
Is 51259 a composite number?
True
Is 28123 composite?
False
Is 9983 a composite number?
True
Is 22343 prime?
True
Is 14867 prime?
True
Is 520433 composite?
False
Is 31461 a prime number?
False
Is 1319 a prime number?
True
Is 62047 composite?
False
Is 1439 prime?
True
Is 109931 a composite number?
True
Is 1198583 a prime number?
True
Is 940055 composite?
True
Is 71249 a prime number?
True
Is 188723 composite?
True
Is 19967 prime?
False
Is 45377 composite?
False
Is 658247 prime?
True
Is 1196809 composite?
False
Is 10279 a prime number?
False
Is 320077 prime?
False
Is 446503 a prime number?
True
Is 1073 a prime number?
False
Is 33973 composite?
True
Is 31721 a prime number?
True
Is 130957 a composite number?
False
Is 51749 a composite number?
False
Is 4351 a composite number?
True
Is 9311 a composite number?
False
Is 35779 prime?
False
Is 1041967 composite?
True
Is 1843 a composite number?
True
Is 223 a composite number?
False
Is 88211 a composite number?
False
Is 9113 a prime number?
False
Is 119971 prime?
True
Is 22481 prime?
True
Is 2333 prime?
True
Is 899 a composite number?
True
Is 509437 prime?
False
Is 160201 a composite number?
False
Is 178013 composite?
True
Is 61933 a composite number?
False
Is 21257 a composite number?
True
Is 3659 a composite number?
False
Is 5293 prime?
False
Is 1068343 prime?
True
Is 275257 a composite number?
True
Is 21799 a composite number?
False
Is 463679 a prime number?
True
Is 2771 composite?
True
Is 2111023 a prime number?
True
Is 664243 composite?
False
Is 330619 a composite number?
True
Is 74351 a composite number?
True
Is 158023 prime?
False
Is 683 prime?
True
Is 23657 a prime number?
False
Is 821 a composite number?
False
Is 97558 a prime number?
False
Is 1973 prime?
True
Is 380927 a prime number?
False
Is 3494477 prime?
False
Is 2927 prime?
True
Is 44054 prime